2/(-4) - x. Calculate the greatest common divisor of 175 and m.
35
Suppose 26 = -4*q + 14. Let t(u) = 3*u**2 + 8*u + 9. Let m be t(q). Suppose 2*o - 3*f = 30, -8 = -o - 2*f - 0. Calculate the highest common factor of m and o.
12
Let i(x) = 724*x + 3116. Let l be i(-4). What is the greatest common factor of l and 1430?
110
Let w = 290 - 202. Suppose -76*j + 164 - 144 = -208. Suppose -w = j*f - 11*f. Calculate the highest common factor of 99 and f.
11
Let n(l) = -l**3 + l**2 + 2*l + 2. Suppose 0 = 13*u - 21*u - 8. Let o be n(u). Calculate the highest common divisor of o and 142.
2
Suppose 2*r = 2*m - 118, r = -80*m + 83*m - 169. Calculate the greatest common divisor of 275 and m.
55
Let j be (4730/4)/5 - (-12)/24. Suppose 4*r + j = -4*h + 661, -3*r + 2*h = -313. What is the highest common factor of 42 and r?
21
Let v(i) = -2*i - 1. Let s be v(-3). Let n be (-3288)/(-7) + 8/28. Suppose 25 + n = 9*b. What is the greatest common divisor of b and s?
5
Let d(b) = 7*b + 10. Let l be d(14). Suppose 102*c - 46368 = -76*c - 6*c. Calculate the highest common divisor of l and c.
36
Suppose -5*k + y + 680 = 0, 5*k - 6*y + 8*y = 665. Let a(f) = -f**3 - 17*f**2 - 19*f + 42. Let u be a(-16). What is the highest common divisor of k and u?
45
Suppose 0*d - d + 61 = 0. Let m(b) = 266*b - 2925. Let g be m(11). Calculate the greatest common factor of g and d.
1
Let y = 21617 + -19498. What is the greatest common factor of 2 and y?
1
Suppose -h + 3*h = 6. Suppose -5*f = 5*l - 245, -h*l = f + 4*f - 235. Let p be (-11)/f - (-49)/4. What is the highest common divisor of 60 and p?
12
Let u(y) = -7*y - 32. Let s be u(-5). Suppose 0*q - 2*m + 4 = -q, -2*q - s*m + 13 = 0. Let c = -3 + 11. Calculate the highest common factor of c and q.
2
Let d(r) = -r + 8. Let o be d(-15). Let a = o - 47. Let i = 25 + a. What is the greatest common factor of i and 1?
1
Let m(y) = -2*y - 26. Let s be m(-15). Let z = s + 32. What is the highest common divisor of z and 27?
9
Suppose -37*g + 2552 - 147 = 0. What is the greatest common factor of g and 5?
5
Let i = -1491 - -16011. Calculate the greatest common divisor of 240 and i.
120
Suppose -394*s + 12 = -390*s. Suppose 58*o + s*p - 171 = 55*o, -4*o - 3*p + 231 = 0. Calculate the highest common divisor of o and 210.
30
Let h(g) = -3*g - 67. Let k be h(-24). Suppose -4*f - 50 - 166 = -4*u, -k*u + 270 = 5*f. Calculate the highest common factor of 27 and u.
27
Let b = -2465 + 2621. What is the highest common divisor of 39 and b?
39
Let c(z) = 24*z**3 + 3*z**2 - 11*z - 21. Let q be c(6). Calculate the highest common factor of q and 15.
15
Let x be (0/((-5)/(-5)))/3. Let h(r) = 9*r - 4. Let z be h(x). Let n(w) = -27*w + 12. Let p be n(z). What is the greatest common factor of 40 and p?
40
Suppose -2036 = -60*u + 1084. Let g = 11 + -8. Suppose 0 = -0*i - g*i + 12. What is the highest common divisor of u and i?
4
Let s(p) = p**2 - 4*p + 4. Let j = -28 + 59. Suppose 0 = 6*f - 5 - j. Let n be s(f). Calculate the highest common divisor of 128 and n.
16
Let n be (304 + (4 - 16))*1. Calculate the highest common divisor of 4 and n.
4
Suppose -6*k = -10*k + 768. Let w be (3/(-4) + 94/(-24))*-72. Calculate the greatest common divisor of w and k.
48
Let b = 26592 + -16858. What is the greatest common factor of 62 and b?
62
Let m = -15108 - -15131. Calculate the greatest common divisor of m and 2185.
23
Let l be -2 + 43/9 + (-4)/(-18). Suppose 0 = u - 4*d - 3 - 2, 4 = l*u - d. Let x be -2 - (0/(-2) + -6*u). What is the greatest common factor of x and 8?
4
Suppose -15*c + 20 = 5. Let g = 2 + c. Suppose -5*o + 4*d + 0*d + 82 = 0, d + 52 = g*o. Calculate the greatest common factor of 27 and o.
9
Let p(h) be the first derivative of -h**2 - 12*h + 64. Let c = -22 - -3. Let a be p(c). What is the greatest common factor of 182 and a?
26
Suppose 4*x - 5*n = 2655, -3*n + 587 = 2*x - 724. What is the greatest common divisor of 60 and x?
60
Let l(o) = 28*o**2 + 24*o + 137. Let x be l(-6). Calculate the highest common factor of x and 385.
77
Let u(o) = -1615*o - 25. Let z be u(-1). Calculate the greatest common divisor of 318 and z.
318
Suppose 4547*k - 4577*k + 86220 = 0. Calculate the highest common factor of k and 15.
3
Suppose -4*r + 3*c + 240 = -1027, -2*r + 635 = -c. Let o = r + -173. Calculate the highest common divisor of 4 and o.
2
Let v = 27997 - 27943. Calculate the greatest common divisor of 5490 and v.
18
Suppose 2*m + m = 54. Suppose -230 = -65*i + 55*i. Let q(s) = -3*s + 96. Let b be q(i). Calculate the highest common divisor of b and m.
9
Suppose -20*p - 2*p = 6732. Let t be 36/p - (-7348)/34. What is the highest common divisor of t and 24?
24
Let x be -7 - (1 - 2)*70. Suppose -61*w = -64*w + 441. What is the greatest common factor of w and x?
21
Suppose 47*s - 22*s = -41*s + 2112. What is the highest common factor of 14000 and s?
16
Let q be ((-94)/470)/((-2)/(-12))*-95. Calculate the highest common divisor of q and 18.
6
Let m(z) = -z**2 + 7*z - 4. Let c be m(6). Suppose 26*s - 40 = 24*s. Suppose -67*o + 66*o + s = 0. Calculate the highest common divisor of c and o.
2
Suppose -49*k - 138*k + 42*k + 1141875 = 0. What is the highest common divisor of 18 and k?
9
Suppose -2*n - 11 = -5*x, 2*n - 2 + 7 = 3*x. Suppose -11*a - x*a + 98 = 0. What is the greatest common factor of a and 105?
7
Let g be 432/(-30)*(-1 - 46/4). Let v = g - 163. What is the greatest common factor of 85 and v?
17
Let i(b) = 65*b + 1966. Let a be i(-30). Calculate the greatest common divisor of 10096 and a.
16
Let v(x) = 3*x**2 + 202*x - 202. Let y be v(1). What is the highest common divisor of y and 12?
3
Let d be 1 + -1 - (-8 - 4). Let n be (-2)/(-7) + -10 + (-4808)/(-28). Calculate the highest common divisor of d and n.
6
Let w(o) = -12*o - 96. Let a be w(-11). Let t(s) = 4*s + 4. Let d = 45 + -40. Let q be t(d). Calculate the greatest common divisor of q and a.
12
Let k(l) = 2*l**3 + 5*l**2 + 6*l + 16. Let v be k(-5). Let a = v - -294. Let y = a - 51. Calculate the greatest common factor of y and 13.
13
Suppose 5*h - 45203 = -2*o, -12*h + 13*h + 5*o - 9059 = 0. Calculate the highest common divisor of h and 69.
69
Let o be (24 - 2)*(-33 - (-2130)/60). Suppose 0 = -2*z + 82 + 28. What is the highest common factor of o and z?
55
Let u = -31982 - -32000. What is the greatest common factor of 1614 and u?
6
Suppose 5*u + 384*v = 382*v + 102, 0 = -3*u - 2*v + 58. Calculate the highest common divisor of 10 and u.
2
Let l = 42 + -24. Suppose 8*i - 7*i - l = 0. Let z = i - 2. What is the greatest common divisor of 176 and z?
16
Let t be ((-430)/(-86) + (-8)/2)*5137. What is the greatest common factor of 11 and t?
11
Suppose -114*z + 110*z - 8*f = -4228, 0 = -2*f - 10. Calculate the greatest common divisor of 88 and z.
11
Suppose -w = -3*o + 163 - 42, -4*o - w = -173. What is the highest common factor of 5642 and o?
14
Suppose 5*o - 3*r - 438 = -54, -4*r = 12. Calculate the highest common factor of o and 72.
3
Let y(i) = 5*i**2 + 6*i - 9. Suppose s = -3 - 2. Let r be y(s). Let a = r - 58. What is the greatest common factor of a and 42?
14
Let n(a) = -4*a**2 + 101*a - 182. Let x be n(13). What is the greatest common divisor of x and 2912?
91
Let a(k) = 3*k**3 + 73*k**2 + 54*k + 16. Let y be a(-23). What is the highest common factor of y and 10?
10
Let c(m) = m**3 - 15*m**2 - 88*m - 140. Let s be c(21). Calculate the greatest common factor of s and 1598.
94
Let j = -213 - -216. Suppose j*z = -4*f + 100 + 600, 4*z - 3*f = 925. Calculate the greatest common divisor of z and 29.
29
Let g = 31550 + -24294. What is the greatest common factor of 12 and g?
4
Let o = 9135 + -8835. Calculate the highest common factor of 468 and o.
12
Suppose -50150 - 5562 = -31*j + 5420. What is the greatest common factor of j and 680?
68
Let u be -10 - -9 - -4 - -3301. What is the greatest common factor of u and 28?
28
Suppose 58*a - 16*a - 219648 = -90*a. What is the highest common divisor of a and 65?
13
Suppose 5*j - 4405 = -3*z, 4*j - 47*z = -51*z + 3516. What is the highest common divisor of j and 1360?
68
Let z be 6*(-18 + 405613/78). Calculate the highest common factor of 17 and z.
17
Let r be 4 - ((-2100)/6 - 4). Let c = -328 + r. What is the highest common divisor of 135 and c?
15
Let b = 13 + 0. Suppose 